). Suppose 23*h - 25*h + 494 = i. Suppose h = 7*w - 460. What is the hundreds digit of w?
1
Let k(o) = 153*o**2 - 18*o - 29. Let j be k(-2). What is the units digit of (-2)/8*-4*j?
9
Let c = 47296 - 22327. What is the thousands digit of c?
4
Suppose 16734 = 3*s - 0*s. What is the tens digit of s?
7
Let v(f) = 22*f**2 - 354*f + 64. What is the units digit of v(26)?
2
Let x(h) = -49*h + 5. Let p be x(-3). What is the units digit of 9/(-18)*-5*p?
0
Suppose x - 464 = -461, -5*f - 5*x = -223660. What is the hundreds digit of f?
7
Let r(s) = 992*s**2 - 6*s. What is the units digit of r(2)?
6
Let s = -2646 - -929. Let b = 2829 + s. What is the thousands digit of b?
1
Suppose 0*x - 13*x + 7501 = 0. Suppose x = 3*o - 464. What is the hundreds digit of o?
3
Let i = -9566 + 9987. What is the hundreds digit of i?
4
Let k = -3884 + 10971. What is the tens digit of k?
8
Let r(w) = 750*w**2 + 8*w + 9. Suppose 7*o + 22 = 15. What is the hundreds digit of r(o)?
7
Suppose 1273 = -4*l + 5*g - 1987, 3*g - 12 = 0. What is the tens digit of 2/(((-1)/l)/(40/50))?
9
Let a(v) = 63*v - 194. Let z(q) = 2*q**2 + 7*q - 26. Let x be z(-7). What is the hundreds digit of a(x)?
2
Let x be ((-8)/(-6))/((-6)/72). Let r(o) = 3*o**2 - 10*o - 147. What is the hundreds digit of r(x)?
7
Suppose 49*i - 566 - 4375 = 38571. What is the tens digit of i?
8
What is the hundreds digit of (-6 + (-12)/4 + 582)/(9/84)?
3
Suppose -3*a + 6*a - 27 = 0. Suppose 17*j = a*j + 2600. What is the units digit of j?
5
Let p be -9*(-2)/4*2. Suppose 0 = -8*d + p*d - 88. Suppose -2 = -6*s + d. What is the tens digit of s?
1
Let o(l) = 162*l**2 + 140*l - 1387. What is the thousands digit of o(10)?
6
Suppose 0 = -278*x + 252*x + 1609920. What is the tens digit of x?
2
Let v = 102 + -70. Let y = v + 22. Suppose -51*r = -y*r + 96. What is the tens digit of r?
3
Let b(q) = -q**2 + 39*q - 19. Let m be b(33). Let d = 553 - m. What is the hundreds digit of d?
3
Let s be (-32 - 22)*(0 + -1 + 0). Suppose 0 = -s*v + 48*v + 11610. What is the tens digit of v?
3
Suppose 2*p - 4 - 2 = y, 4*p - 3*y = 14. Suppose -5*f + 1328 = p*v, 2*v = -3*v + 20. Suppose 11*l = 5*l + f. What is the tens digit of l?
4
Let y be (2/((-6)/3))/((-3)/6). Suppose 2*g + 0 = -5*o + 112, -2*o + 40 = y*g. Let i = o + 30. What is the units digit of i?
4
Let p = 26778 - 8481. What is the units digit of p?
7
What is the hundreds digit of (-60 - 477)*(-19)/3?
4
Suppose 0 = -o + 3*i + 1057, 11*o + 2*i = 9*o + 2106. What is the tens digit of o - (6 + (-14 - -2))?
6
Suppose -1115*v + 3063272 = -1021*v. What is the hundreds digit of v?
5
Let i = 287 + -259. Let b = 122 - i. What is the units digit of b?
4
Let w(f) = 2*f**2 + 2*f + 337. Suppose -4*y + 20 = 5*b, -2*b - 5*y = -3*b - 25. What is the tens digit of w(b)?
3
What is the units digit of ((-167780)/130)/((-22)/286)?
8
Suppose 30*d - 667906 = -23*d. What is the tens digit of d?
0
Let i be ((-10)/(-3))/(2/(-3)). Let s(l) = -20*l + 25. What is the units digit of s(i)?
5
Suppose -13*a = -11*a + 9416. What is the tens digit of (63/(-18) - -2)/(6/a)?
7
Suppose -5*w + 20 = 0, 5*h - 65 = -5*w - 385. Suppose -d - 175 = 3*p, 0 = 11*p - 8*p - 5*d + 169. Let y = p - h. What is the units digit of y?
0
Let n(c) = c**3 - 103*c**2 + 112*c - 335. What is the hundreds digit of n(102)?
6
Let q = -34205 - -63797. What is the thousands digit of q?
9
Let s(m) = m + 6. Let z be s(13). Suppose -z*x = -22*x + 180. What is the tens digit of x?
6
Let q = -6604 - -12805. What is the units digit of q?
1
Let a(g) = g**2 - 8*g + 13. Let k be a(7). Let z be (-213 + (-12 - -5))*k/(-4). Let r = z - 203. What is the hundreds digit of r?
1
Let a be (-19)/(-3) - (-2)/(-6). Let i(k) = 2*k**2 - 74*k + 146. Let w be i(36). Let m = w - a. What is the tens digit of m?
6
Suppose -4*t = -12*t + 24. Suppose -3*a + t*x + 204 = 0, 0*a = 5*a - 4*x - 337. Let i = a + -55. What is the tens digit of i?
1
Suppose -13*v - 92 = -36*v. Suppose 0 = 3*x - l - 2277 - 2396, x = v*l + 1576. What is the units digit of x?
6
Let z = 4 - -2. Suppose 7*l - 3 = z*l. What is the tens digit of (-3)/(-3)*l + 56?
5
Let g(u) = -167*u + 216. Let n be g(-12). Suppose -7*k = -10*k + n. What is the units digit of k?
0
Let d(k) = 3*k**2 - 66*k - 24. Let o be d(22). What is the hundreds digit of 21*(-436)/o + (-6)/4?
3
What is the ten thousands digit of (-17 + 31 - 15)*30855*-1?
3
Let d(p) = 20*p - 1. Let c(l) = 7*l. Let v(h) = -21*c(h) + 6*d(h). Suppose 0 = -2*w - 8*s + 13*s + 16, -4*w = 3*s + 20. What is the tens digit of v(w)?
4
Suppose 2*t - 65281 = -69*b + 66*b, 3*t - 97876 = 2*b. What is the hundreds digit of t?
6
Suppose -6*k + 9*k - 633 = 0. Let s = 412 - k. What is the units digit of s?
1
Suppose 274325 = 10*m + 5*j, 3*m - 23*j + 20*j - 82320 = 0. What is the units digit of m?
5
Let i(t) = -1234*t + 1851. What is the ten thousands digit of i(-31)?
4
Suppose -260*v + 272*v = 5806 + 8666. What is the thousands digit of v?
1
Let l(p) = -p**2 - 10*p - 16. Let z be l(-3). Suppose 2*x + z*u - 1115 = 0, -2*u = x + x - 1106. What is the tens digit of x?
5
Suppose -5*a = -2*r - 0*r - 14, 2*a = -2*r. Suppose 0 = j + 2*s - 442, 0 = -3*j - a*j + 2*s + 2270. What is the units digit of j?
2
Suppose -5*a - 3*h - 2*h = -2685, 0 = 2*h. Let r = -4746 - -5106. Let k = a - r. What is the units digit of k?
7
Let r = 5485 + -621. What is the units digit of r?
4
Let g(t) = t**3 + 1. Let x be g(-1). Suppose x = -5*a - 0*a + 2*i + 172, 16 = 4*i. What is the units digit of ((-954)/a)/((-2)/4)?
3
Let p be (-2)/(5/(-13 - -3)). Let o(k) = -k**3 + 6*k**2 + 5. Let f be o(6). Suppose -5 - 3 = n + 3*u, -f*n = -p*u - 36. What is the units digit of n?
4
What is the units digit of -6 + (-84)/(-7) - (1 - 3961)?
6
Suppose 4*r = 4*t - 20364, 0 = -3*t + 375*r - 376*r + 15277. What is the tens digit of t?
9
Let p = 36265 + -21015. What is the hundreds digit of p?
2
Let g = 18 + -4. Suppose -g*y + 9*y - 60 = 0. Let w(f) = -7*f + 34. What is the tens digit of w(y)?
1
Suppose 5*z + 5 = 3*c - 1, -3*z - 9 = 0. Let n be (6*10/(-4))/c. What is the hundreds digit of 582/n + 2/(-5)?
1
Suppose -4*c - 5*k = -98444, -5*c + 3*k + 24611 = -4*c. What is the units digit of c?
1
Let t = 1722 + -1708. Let k be 0 - (2 - 4) - -9. Suppose k*f = t*f - 345. What is the hundreds digit of f?
1
What is the tens digit of (300/18)/(-5)*33624/(-16)?
0
Suppose 3*i - l - 2294 = 2501, 2*l = -i + 1610. What is the thousands digit of i?
1
Let a(c) = -4*c - 24. Suppose 3*p - 8*p = 35. Let k be a(p). What is the hundreds digit of k*(31 - 6/3) + 4?
1
Let j(f) = 1212*f**3 - f**2 + 232*f - 468. What is the units digit of j(2)?
8
Suppose 0 = 2*t - 2*h - 111076, 34*t - 29*t = -5*h + 277670. What is the thousands digit of t?
5
Let o be (-85)/(-6) + (49/(-6) - -8). What is the units digit of 479/(-5)*(-70)/o?
9
Let y = 72 - 66. Suppose -4*g + 752 = s, -g = -y*s + s - 209. Suppose -2*c + 79 = -g. What is the hundreds digit of c?
1
Suppose -3*p - 4*r = -72997, -51*r - 97304 = -4*p - 50*r. What is the tens digit of p?
2
Let z be (-2)/(-3) - (-59)/(-3). Suppose -l = -b - 56 + 43, -5*b - 5*l = 105. What is the tens digit of (b - z)/(1/43)?
8
Suppose -77 = -20*v + 23. Suppose 7*k + 123 = 8*k + v*f, 0 = k + 4*f - 122. What is the units digit of k?
8
Let h(j) be the second derivative of -5*j**3/6 + j**2 + 11*j. Let s be h(-10). What is the units digit of s/(6/15*5)?
6
What is the units digit of 25/1*159996/670?
0
Let n = 336 + -183. What is the units digit of 33/(-11) + n - 2/(-2)?
1
Let p(d) = 30*d**2 - 5*d + 3225. What is the tens digit of p(0)?
2
Let p be 2/2 - (-4 - 77). Let c = 543 - 539. Suppose 0 = c*h + 2*d - 116, -63 = -5*h + 2*d + p. What is the units digit of h?
9
Suppose -5*g - 8 = -4*s, -5*s + 2*s + 6 = 0. Let h be (30 + -27)*(-5)/(-3). Suppose -j + 1 - h = 0, g = -2*b + 3*j + 44. What is the tens digit of b?
1
Suppose k - 93 = 3*j - 5*j, 5*k = j + 487. Let u(x) = -x**3 + 5*x**2 + 35*x + 4. Let h be u(9). Let l = k - h. What is the units digit of l?
2
Let v(w) = -308 - 405 + 858 + 11*w. What is the units digit of v(-11)?
4
Let w(v) = -v**2 + 5*v + 6. Let d(b) = b**3 - 5*b**2 + 2*b - 4. Let i be d(5). Let g be w(i). Suppose 5*y - 714 + 39 = g. What is the hundreds digit of y?
1
Let d = -515 - -655. Suppose -3*j = -y + 346, -4*y - 135*j = -